units digit of f?
2
What is the hundreds digit of 2409/(-33)*-2*11?
6
Let p(t) = -t**3 - 9*t**2. Let r be p(-9). Suppose r = 2*a + 2*x - 142, 0 = 2*x - 8. What is the tens digit of a?
6
Suppose 14*w = -0*w + 3570. What is the tens digit of w?
5
Suppose -6 = -4*o + 2. Suppose -d - o = -0. What is the units digit of (-2)/3*(d - 67)?
6
Suppose -2*a - 3*x - 13 = 2*a, 4*a - 3*x = 5. Let y be a/(1 + (-9)/12). What is the tens digit of (-2)/y*120/4?
1
Let a(v) = 17*v - 3. Let i(p) = -18*p + 2. Let h(d) = 3*a(d) + 2*i(d). Let u be h(10). Suppose 3*o = -2*o + u. What is the units digit of o?
9
What is the hundreds digit of 7024/(-1317)*(0 + -1*384)?
0
Let s be ((-2)/(-4))/((-4)/80). Let c be 6/s*(-6 + 11). Let h(m) = 2*m**2 - 4*m - 3. What is the tens digit of h(c)?
2
Let y = -16 - -18. Let g be 0 + y + -2 + 4. What is the units digit of (-10)/g*64/(-20)?
8
Let m(w) = -w**2 - 5*w + 5. Let u be m(-4). Suppose u*q - 1771 = -511. What is the hundreds digit of q?
1
Suppose -j + 105 = -6*j. Let q = j + 24. Suppose z - 188 = -r - 3*r, -5*r = -q*z - 235. What is the tens digit of r?
4
Suppose -5*o = -3*d - d - 2057, -o + 3*d + 407 = 0. What is the tens digit of o?
1
Let l = 5 - 11. Let f be 28/l*(-30)/35. Suppose -f*a + 156 = 36. What is the tens digit of a?
3
Suppose -8*t - 3915 = -23*t. What is the hundreds digit of t?
2
What is the tens digit of 4 + (-2492)/(-1 + -3)?
2
What is the thousands digit of 8*1*70014/168?
3
Let r = -102 + 102. Suppose r = -2*k + 185 + 105. What is the hundreds digit of k?
1
Let g be -2 + 3 + 4 + 4. Suppose -g*f = -3*f - 456. What is the tens digit of f?
7
Suppose -2 = -i + 4. Suppose 3*g + 108 = i*g. Suppose -2*z + g = z. What is the units digit of z?
2
Let p(q) = -q**3 + 26*q**2 + 33*q - 61. What is the tens digit of p(24)?
8
Let k(v) = 2*v**3 - 4*v**2 + 7*v - 7. What is the units digit of k(8)?
7
Let i(p) = -32*p + 320. Let b be i(10). Suppose 2*f + 8 = -0*f. What is the units digit of 9 + (f - b/2)?
5
Suppose -13*t + 12446 - 5153 = 0. What is the units digit of t?
1
Suppose v - 91 = -2*p + 6, -5*v - p + 467 = 0. What is the hundreds digit of (-3 - v/(-2))*24/9?
1
Suppose -3*m + 5*q = -6*m - 11, 5*m + 5*q = -15. Let h(t) = -t - 2. Let z be h(m). Suppose 2*p - 40 - 8 = z. What is the tens digit of p?
2
Suppose 4*r = -16, x = 4*r - 3 + 24. Suppose -3*b + d + 15 = -2*d, -16 = 4*b + x*d. What is the tens digit of (-4)/b - (-15)/1?
1
Suppose -2*n + 5222 = 4*u, -2*n - 1303 = -23*u + 22*u. What is the tens digit of u?
0
Suppose y = -5*r + 2*y + 158, -3*r - 5*y = -78. Suppose 107 = 6*n - r. What is the units digit of -2 + 3 + (n - -2)?
6
Suppose 4*w - 21 = 3. Suppose 78 = w*t - 3*t. What is the units digit of t?
6
Let z(k) = -308*k - 176. What is the hundreds digit of z(-3)?
7
Suppose -3*z - 318 = -4*z. Let h = z - 88. What is the hundreds digit of h?
2
Let x = 629 - 138. What is the hundreds digit of x?
4
Suppose i - 2*k = -30, -i = -0*i + 4*k. Let u = 56 - 70. Let o = u - i. What is the units digit of o?
6
Let n = -1493 - -2343. What is the hundreds digit of n?
8
Suppose -13 = 18*k - 19*k. Suppose -k*i = -11*i - 86. What is the units digit of i?
3
Suppose -30*x = -1529 - 12391. What is the tens digit of x?
6
Suppose -4*l - 1 = -13. Suppose -12 = -4*h - 5*k, 2*h - l*h + 2*k + 3 = 0. Suppose 2*w + 28 = h*w. What is the tens digit of w?
2
Suppose 30*d - 26394 + 2574 = 0. What is the units digit of d?
4
Suppose -t + 10 = -6*t - 4*y, -3*y = 15. Let p be (3 + -3)*(-2)/t. Suppose p = -l - 4, -6*u + 2*u + 5*l + 76 = 0. What is the tens digit of u?
1
Let z be (-2)/(-10) + (-324)/(-30). Suppose 0 = -h + 30 - z. Suppose b - 7 - h = 0. What is the tens digit of b?
2
Suppose -16*c - 7200 = -24*c. What is the hundreds digit of c?
9
Suppose 4*c - 4*z + 2*z = -1296, 1312 = -4*c - 2*z. Let y = -229 - c. What is the units digit of y?
7
Suppose -74 = -16*i + 14*i. Let j = i + 33. What is the units digit of j?
0
Suppose 42 = -7*l - 63. What is the units digit of 3*(-20)/l - -212?
6
Let t be (-90)/27 - 2/3. Let a = -4 - t. Suppose -2*r - 4*n = -52, -n + 30 = r - a*r. What is the units digit of r?
4
Let l(z) = z**2 - 9*z + 17. Let p be 38/(-14) + 3 + 272/28. What is the units digit of l(p)?
7
Suppose -48 = j + 2*j. Let t be 10*(-4)/j*2. Suppose -w + 4*h - 28 = -t*w, -11 = -2*w - h. What is the units digit of w?
4
What is the units digit of 723/3 - 20/(-30)*-9?
5
Let x(v) = -26*v**3 - 4*v**2 + v + 49. What is the tens digit of x(-5)?
9
Suppose -113 = -8*d + 751. What is the hundreds digit of d?
1
Let z(v) = -v**2 - 8*v - 7 - 9 + 2 + 2. Let o be z(-5). Suppose -o*t = 3*t - 102. What is the tens digit of t?
1
Let a = 32 + 31. Let y be 2/7 - (-108)/a. Suppose y*d - 65 = -1. What is the tens digit of d?
3
Let m(o) = -1181*o + 89. What is the hundreds digit of m(-2)?
4
Let j(t) = -t**3 - 5*t**2 - 2*t - 6. Let m be (-1)/(4/(-10))*-2. Let b be j(m). Let c = b + 6. What is the units digit of c?
0
Let z be (-10)/2*(-3)/(-5). What is the units digit of 1128/64 - z/8?
8
Let d be (-3)/(-4) + (-15)/20. Let l = 7 + d. Suppose 0 = l*y - 3*y - 64. What is the units digit of y?
6
Suppose 4*d = -3*p + 4781 + 252, 5*d - 2*p = 6297. What is the tens digit of d?
5
Suppose -2*l = -0 - 8. Suppose 3*o = l*n - 458, -n = 3*o - 11 - 96. What is the units digit of n?
3
Let s be 54/(-12)*(-4)/(-3). What is the tens digit of (s/4)/((-6)/116)?
2
Let o = 643 + -198. Suppose 0 = 2*t - o + 97. What is the tens digit of t?
7
Suppose 84 = -16*r + 9*r. What is the units digit of 90/((-1)/(r/8))?
5
Let q = -53 - -55. Suppose 4*z - q*z - 6 = 0, 0 = b - 3*z - 47. What is the units digit of b?
6
Suppose 2*f + 37 = 4*h + 3*f, f + 53 = 5*h. Suppose -h = 7*r - 9*r. Suppose 0 = 2*u - 6, -3*p + r*p + 3*u - 33 = 0. What is the units digit of p?
2
Let w = -58 + 58. Suppose w = -4*g - 4*p + 236, 5*p - 8*p - 71 = -g. What is the tens digit of g?
6
Let z = 424 - 234. Let w = z - 99. What is the units digit of w?
1
Suppose -4 = -2*v - 254. Let r = 75 + v. Let b = r + 83. What is the tens digit of b?
3
Suppose 5*l = -4*f + 9785, 0 = -3*l + 18*f - 15*f + 5898. What is the hundreds digit of l?
9
Suppose 0*o - d - 6 = -5*o, 2*o + 2*d = 0. Suppose 0*t + t + o = 0. What is the tens digit of (-364)/(-16) - t/4?
2
Let t(s) = -5*s**3 - 11*s**2 + 19*s - 14. Let z(k) = -4*k**3 - 10*k**2 + 19*k - 13. Let x(d) = 3*t(d) - 4*z(d). What is the units digit of x(-9)?
9
Suppose -55*r - 798 = -62*r. What is the hundreds digit of r?
1
Suppose -a = -q + 11, q - 2*a = 2*a + 20. Suppose 5*w = w + q. What is the units digit of 1 + w + -4 + 15?
4
Suppose 0 = 4*r - 2*b - 1920, -3*b - 870 = -3*r + 570. What is the units digit of r?
0
Suppose -23*x + 4861 - 675 = 0. What is the hundreds digit of x?
1
Let g(m) = m**3 - m**2 - 7*m + 6. Let j be g(4). Suppose -3*s + 2*y = -586, 2*y - 224 + j = -s. What is the hundreds digit of s?
1
Let r(s) = s**3 - s**2 - 1. Let c be r(2). Suppose -33 = -5*t + 2*l, 3*t - 35 = c*l + 2*l. Suppose 0 = -o + 4*a + 24 + 18, a = -t. What is the units digit of o?
2
Let a(p) = 13*p**2 + 8*p - 6. What is the units digit of a(-6)?
4
Let a(n) = -n + 1. Let p(h) = 44*h - 18. Let u(x) = -36*a(x) - 2*p(x). What is the units digit of u(-2)?
4
Let u(b) be the first derivative of 2*b**3/3 - 23*b**2/2 + 35*b - 29. What is the hundreds digit of u(17)?
2
Let b(s) = 246*s**2 - 7*s - 15. What is the units digit of b(-3)?
0
Suppose -3*f - 15 = w + 2*f, 0 = -5*f. Let k = w + 13. What is the units digit of (4 + -7)/(-5 - k)?
1
Let a be (-10)/15*(3 + 0). Let z = a + 11. Let v = z + -5. What is the units digit of v?
4
Suppose -2*v + 6*v - 748 = 0. What is the units digit of v?
7
Let s be (-99)/(-117) + 4/26. What is the tens digit of 8 - -117 - 3/s?
2
Suppose -21048 = -23*j + 15200. What is the thousands digit of j?
1
Let c = -143 + 559. What is the tens digit of c?
1
Suppose 3*v - 4099 + 1202 = 4*p, 5*p = -2*v + 1916. What is the tens digit of v?
6
Suppose 3*z - 11262 = -4*l, -96*z = -5*l - 91*z + 14095. What is the tens digit of l?
1
Let o(a) = a**2 - 7*a + 7. Let j be o(6). Suppose f = 3 - j. Suppose f*b - 1 - 15 = 0. What is the units digit of b?
8
Let l = -2091 - -7637. What is the units digit of l?
6
Let u(f) be the first derivative of -11*f**2/2 - 18*f - 4. What is the tens digit of u(-4)?
2
Let j(i) = -i**3 - 14*i**2 +